3 - 68?
39aa
In base 7, what is -24414231 - -143?
-24414055
In base 2, what is 1101011011000110000010 + 11?
1101011011000110000101
In base 15, what is 1 + -1699c0?
-1699be
In base 11, what is 1537629 + 38?
1537666
In base 8, what is -3 - -153616225?
153616222
In base 12, what is -2 + -2a1a015b?
-2a1a0161
In base 15, what is 5 - 12b5eb80?
-12b5eb7a
In base 6, what is -1305000 + 2422?
-1302134
In base 3, what is -100212122102 - 20?
-100212122122
In base 3, what is -221 + -111120111220211?
-111120111221202
In base 15, what is -17002 - e6?
-170e8
In base 10, what is 2673 + 9035?
11708
In base 8, what is 10 - -13412773?
13413003
In base 11, what is 128820 + 33?
128853
In base 15, what is -5d037 - a7?
-5d0de
In base 4, what is 13312202130 - 113?
13312202011
In base 8, what is 354 - 22060?
-21504
In base 8, what is -17273444 + 33?
-17273411
In base 16, what is a7f - 78a?
2f5
In base 14, what is -28b22122 - 5?
-28b22127
In base 10, what is 5 - 69506535?
-69506530
In base 7, what is 5513 - -1015244?
1024060
In base 6, what is 0 - -24354045402?
24354045402
In base 4, what is -222 - 330330323000?
-330330323222
In base 4, what is -11223300110032 - 3?
-11223300110101
In base 4, what is 1202311220132 + 2?
1202311220200
In base 9, what is 383827 - 63?
383754
In base 5, what is -41443203 + -1?
-41443204
In base 11, what is 5 - -1593a70?
1593a75
In base 7, what is -322 - 306562?
-310214
In base 10, what is 50781 + 2306?
53087
In base 8, what is 3002536 - 15?
3002521
In base 6, what is 3 + 15520204125?
15520204132
In base 13, what is -5 - 5aa7959a?
-5aa795a2
In base 12, what is -171a77 + -379?
-172234
In base 2, what is -101 - 111100111110000111?
-111100111110001100
In base 4, what is -301 - -23121232?
23120331
In base 7, what is -1253645 + 54?
-1253561
In base 13, what is -411 + -9b63?
-a274
In base 12, what is 250917 - -1a?
250935
In base 2, what is 1 + 1100101000101110010000111?
1100101000101110010001000
In base 14, what is -cc - 7c8b5?
-7c9a3
In base 10, what is -116581 + 82?
-116499
In base 4, what is -113023333 - -13320?
-113010013
In base 7, what is 25 + 1100432?
1100460
In base 6, what is -400 - 124124533?
-124125333
In base 11, what is -522 + 87821?
872aa
In base 14, what is -121 + -c611?
-c732
In base 10, what is -538862 - 3?
-538865
In base 15, what is -1 - 18c486c?
-18c486d
In base 3, what is -1012 - 1002022100220?
-1002022102002
In base 12, what is -3064837 - 17?
-3064852
In base 10, what is 21192472 - 33?
21192439
In base 15, what is -14351 - -16d?
-141d3
In base 15, what is 1010ae - -2d?
1010dc
In base 15, what is 5c - ec05?
-eb98
In base 9, what is 44317622 + -1?
44317621
In base 8, what is 2002 - -10625?
12627
In base 7, what is -121050 - -2641?
-115106
In base 5, what is -11 + 32114424?
32114413
In base 16, what is -8bfd3 - 1bb?
-8c18e
In base 11, what is -24 + 766603?
76658a
In base 4, what is 112130013 + 1122?
112131201
In base 7, what is 3406121525 + 13?
3406121541
In base 9, what is 30464 - -2660?
33234
In base 7, what is -6506 - 146305?
-156114
In base 8, what is 23 + 5145151?
5145174
In base 2, what is -11011011110010110011 + 11?
-11011011110010110000
In base 7, what is 10 + -13020210?
-13020200
In base 9, what is -3 + 41671577?
41671574
In base 7, what is 15622 + -36621?
-20666
In base 5, what is 404142 + 220342?
1130034
In base 7, what is 1023246 - 103?
1023143
In base 10, what is -1890 + 2170?
280
In base 9, what is -30 + -1844345?
-1844375
In base 8, what is -22 - 1107166?
-1107210
In base 11, what is 1177a25 - -4?
1177a29
In base 2, what is -1011110010001 + -111100001?
-1100101110010
In base 13, what is 4 - 1c9c98?
-1c9c94
In base 2, what is 101101110111001111010011 - -110?
101101110111001111011001
In base 3, what is 2110220002220121 + 2?
2110220002220200
In base 7, what is 10404365 - -3?
10404401
In base 3, what is 21202220121120 + -12?
21202220121101
In base 11, what is -273059103 - -1?
-273059102
In base 8, what is 211066167 - -4?
211066173
In base 2, what is 1000011110000001101 + 1001001?
1000011110001010110
In base 3, what is 11220000 + 20001122?
101221122
In base 9, what is -8 + -61722355?
-61722364
In base 12, what is 48a87b - 63?
48a818
In base 11, what is -1011916 - 4?
-101191a
In base 6, what is -2155240320 - 10?
-2155240330
In base 8, what is -41753305 + -4?
-41753311
In base 11, what is 10087a9 + 23?
1008821
In base 16, what is 1de - -5b99?
5d77
In base 16, what is 48 - -88bbd?
88c05
In base 5, what is -10 - -142110012?
142110002
In base 16, what is 9b0c - 1f3?
9919
In base 3, what is 12 + -10111011100201200?
-10111011100201111
In base 5, what is 2302122042 - 4?
2302122033
In base 3, what is 1022202201110220 - 0?
1022202201110220
In base 5, what is -2 + -4033220040?
-4033220042
In base 16, what is 1f - -d1b33?
d1b52
In base 5, what is 432032 - -1343241?
2330323
In base 2, what is 101 - -10001010000111001010111?
10001010000111001011100
In base 13, what is 11 + -23271c?
-23270b
In base 8, what is 37 + -1306672?
-1306633
In base 6, what is 23533 - -350331?
414304
In base 15, what is -2 - -602dce?
602dcc
In base 11, what is 8 - 2390267a?
-23902672
In base 3, what is -222221212 - -210101220?
-12112222
In base 9, what is 3837 + -325763?
-321825
In base 3, what is 202002 + 1200200220?
1201102222
In base 2, what is 10011100111111101011101 - -101?
10011100111111101100010
In base 11, what is 62802 + -67?
62746
In base 12, what is 960725 - 0?
960725
In base 3, what is -10112001012000102001 - -1?
-10112001012000102000
In base 7, what is -6431 + 10003?
242
In base 10, what is 5 - -80401707?
80401712
In base 4, what is 21333223 + 213?
22000102
In base 14, what is -1add2b + -56?
-1add83
In base 13, what is -614a4 - -b67?
-6063a
In base 8, what is -40111605 + -23?
-40111630
In base 8, what is -1207 - -74337?
73130
In base 2, what is 1 - 1000111000100101101010?
-1000111000100101101001
In base 4, what is -1300 - -202101313?
202100013
In base 16, what is -7 - 7185a?
-71861
In base 9, what is -2556027 - -636?
-2555281
In base 15, what is a - -7e561?
7e56b
In base 11, what is 44 - 1480825?
-1480791
In base 10, what is 11 + -2290954?
-2290943
In base 6, what is -332554412 + 21?
-332554351
In base 9, what is 37 + 1075547?
1075585
In base 8, what is -165162306 - 1?
-165162307
In base 12, what is 3 - -45bb2173?
45bb2176
In base 7, what is 6042 - 6641?
-566
In base 7, what is 250 + 12103?
12353
In base 12, what is -2765b48 + 1?
-2765b47
In base 13, what is 5 + -6253c81?
-6253c79
In base 15, what is -1698a - e8?
-16a83
In base 16, what is a008 - 2c?
9fdc
In base 8, what is 165 - -14640057?
14640244
In base 8, what is -130433615 - 1?
-130433616
In base 6, what is -1155045 - -3124?
-1151521
In base 11, what is -580 + -5822?
-62a2
In base 16, what is 17d014 + -8f?
17cf85
In base 15, what is 3 - 64381a1?
-643819d
In base 11, what is 3 + -15a8306?
-15a8303
In base 5, what is -333221 + 133133?
-200033
In base 6, what is 13023412 - -5?
13023421
In base 16, what is -2251d0a + -19?
-2251d23
In base 8, what is -1 + 64335575?
64335574
In base 3, what is -1001011021020112021 - 2?
-1001011021020112100
In base 13, what is 63 - -67789?
6781c
In base 13, what is 5a + 14a2907?
14a2964
In base 5, what is 1 + 41243330420?
41243330421
In base 7, what is -15 + -2535453?
-2535501
In base 11, what is -134a43a - -9?
-134a431
In base 11, what is 25375622 + -5?
25375618
In base 12, what is -944 + 1057?
313
In base 14, what is 61ba8 - -2a?
61bd4
In base 7, what is -5423 + -465051?
-503504
In base 10, what is 19938848 + -5?
19938843
In base 5, what is 20 - 4311224440?
-4311224420
In base 9, what is 317 + 70656?
71074
In base 8, what is 6 + 37373116?
37373124
In base 6, what is 550334 + -53133?
453201
In base 8, what is 1241434 + -22?
1241412
In base 15, what is 5 - -6402a8a?
6402a90
In base 13, what is 3a0a - -67a?
4387
In base 10, what is -37132 - 53?
-37185
In base 3, what is 200100210120202 - -102?
200100210121011
In base 11, what is 14a - -35847?
35996
In base 16, what is 3b5 - -2558?
290d
In base 9, what is 220 - -64886?
65216
In base 7, what is 324343 + 54?
324430
In base 15, what is -25975 - 84?
-25a09
In base 2, what is -1 + -10111000000010111001100110?
-10111000000010111001100111
In base 5, what is 2 - 1210133413424?
-1210133413422
In base 11, what is -8822a86 